/(-30)*(3 - 1)?
4
Let l be (1 + (-114)/8)/((-9)/72). Suppose 0 = t + 2*c - 44, 100 = 4*t + 2*c - l. Suppose 0 = -7*n + 23 + t. What is the tens digit of n?
1
Let o = -2993 - -3947. What is the units digit of o?
4
Let m(z) = -157*z**3 + 2*z**2 + 109*z + 442. What is the units digit of m(-4)?
6
Let i be (19/(-19))/((-1)/(-425)). Let k = i - -1543. What is the tens digit of k?
1
Let z(w) = 4*w**2 - 23*w + 21. Let r be z(23). Suppose -5*c = 4*k - 1596, -3*c - 2*c + 8*k = -r. What is the tens digit of c?
2
Let x = 28 - -47. Let t be x/(-21) - (-1)/(35/20). What is the units digit of (-420)/(-9)*(t - 84/(-20))?
6
Let n(p) = p**3 + 5*p**2 + p + 5. Let j be n(-4). Let l = 16 - j. What is the tens digit of 2*l + (-196)/(-4)?
4
Let d(j) = 43*j**3 - 3*j**2 + 36*j - 86. What is the ten thousands digit of d(9)?
3
What is the hundreds digit of 3/((-76095)/(-19017) + -4)?
1
Suppose 3*r = 8*r - 520. Let b be 13143/r + 3/(-8). Suppose -5*j = -0*j + l - b, 4*j + 2*l = 102. What is the tens digit of j?
2
Let a = 58 - 55. Let b be 20/15*a/(-2). What is the tens digit of -1 - (b - -33)*(0 - 1)?
3
Suppose 0 = -z - 8 - 2. What is the hundreds digit of (-21)/(-4)*(3520/(-6))/z?
3
Suppose 7*h = -18*h + 10*h + 206115. What is the ten thousands digit of h?
1
Let a(z) = -32*z**2 + 65*z**2 - 35*z**2 - z - 18*z**3 + 4. What is the hundreds digit of a(-2)?
1
Let h(n) = 400*n**2 + 84*n + 530. What is the thousands digit of h(-5)?
0
Let w(p) = 54*p**2 + 29*p - 17. What is the thousands digit of w(16)?
4
Suppose -242*q + 925453 + 2472437 + 516 = 0. What is the hundreds digit of q?
0
Suppose -18 = 5*z - 188. Let a = z + 43. What is the tens digit of a?
7
Let c(a) = 2*a**3 + 22*a**2 - 21*a + 24. Let s be c(-10). Let x = -333 + s. What is the tens digit of x?
0
Suppose 3387 - 417 = 6*k. Let b = 841 - k. What is the tens digit of b?
4
Suppose -7*a + 35 = -28. Let f be (3/(-12)*a)/((-10)/120). What is the units digit of (2016/f)/(2/6)?
4
Let g = -464 + 466. Suppose g*j - 4*j + 2*u = -1946, -2*j = -3*u - 1942. What is the tens digit of j?
7
Suppose -5*w + 85 + 20 = 0. Suppose -w = n - 126. What is the units digit of n?
5
Let t = 195 + -192. What is the tens digit of t/15 + (-1929)/(-5)?
8
Let b be (-336)/10*(42/9 - 8). Suppose 0 = -4*k - 3*p + 7*p + b, -4*p = -20. What is the units digit of k?
3
Let t be ((-3512)/12)/((-1568)/312 - -5). Suppose -14*n + t = -13324. What is the thousands digit of n?
1
Suppose f = 3*v + 4, v = -0*v + 3*f + 12. Let c(t) = 1 - 5 - 8 - 7*t. What is the units digit of c(v)?
9
Let k(d) = 503*d + 1. Let v be k(1). Suppose -2*b + 400 = 4*p - 6*b, -4*b = -5*p + v. What is the hundreds digit of p?
1
Let f = -350 - -351. What is the units digit of ((-100)/(-40))/(f/262)?
5
Suppose 132*b = 207*b - 3071625. What is the thousands digit of b?
0
Let p = -36066 + 51441. What is the tens digit of p?
7
Let t(m) = -2558*m - 5256. What is the units digit of t(-10)?
4
Suppose 0 = -13*a + 8*a + 35. Let j(i) = i**3 - 6*i**2 - 10*i + 5. Let d be j(a). What is the hundreds digit of (834/15)/(d/(-40))?
1
Let s = 9417 - 5056. What is the hundreds digit of s?
3
Suppose 2*q = 2*s + 4, -3*q + 5*s + 5 = 1. Suppose -83 = q*a - 275. What is the units digit of a?
4
What is the units digit of 8605 + 14 + 96/(-16)?
3
Let u(b) = -949*b**3 - 105*b**2 - 211*b + 5. What is the thousands digit of u(-2)?
7
Let m(f) = -f**2 + 6*f - 2. Suppose 7 = 2*j - 13. Let n be (4 - 144/45)*j/4. What is the units digit of m(n)?
6
Let b = -4811 + 13913. What is the hundreds digit of b?
1
Suppose -4*t = -2*o - 6, 9 - 20 = -5*t - o. Suppose 2*i - 91 = -t*p + 231, -5*i - 475 = -3*p. Suppose -g = -3*g + p. What is the units digit of g?
0
Let t(r) = 2*r**3 + 54*r**2 - 302*r - 7. What is the thousands digit of t(21)?
5
What is the tens digit of -8 - 1917200/(-60) - (-4)/(-3)?
4
Let y be 2 + (3 - 6) + 3. Suppose -5*o - 136 = -4*b, -3*b + y*o + 66 = -b. What is the tens digit of (23 + -24)/((-1)/b)?
2
Suppose -2*a = 3*p + 15, a - 2*p + 7 - 17 = 0. Suppose -2*o - 2172 = -2*h, a = -3*h + 2*o - 4*o + 3263. What is the tens digit of h?
8
Suppose 126846 = -19*l + 262*l. What is the units digit of l?
2
Let c = 45147 - -4613. What is the thousands digit of c?
9
Suppose 2*o - 58 = -q + 114, -4*q = 2*o - 178. Let k = -66 + o. Suppose -k*t + 13*t = -870. What is the hundreds digit of t?
1
Suppose 27*h - 91677 - 1069404 = 0. What is the hundreds digit of h?
0
Suppose -31 = -5*o - m - m, -2 = 2*o - 4*m. Suppose o*b = -4*w, b - w - w = 0. What is the tens digit of (-10)/2 - (-39 + b)?
3
Let o = -52 + 54. What is the units digit of 43692/36 - o/(-6)?
4
Let r be (0 + (-18)/4)*(-2 - 44). Suppose -d = -2*d - 5*j + 47, j - r = -4*d. Suppose 0 = -4*q - d + 356. What is the units digit of q?
6
Let g = 382 + -382. Let a(o) = -49 + 247 - o**2 - o**2. What is the tens digit of a(g)?
9
Let i = 4400 + -2056. What is the hundreds digit of i?
3
Let l(p) = 16*p + 52. Let u = -112 + 129. What is the units digit of l(u)?
4
Let g(v) = 9*v**2 - 2*v - 2. Let y be g(1). Suppose -90805 = -5*s + y*z, s + 4*z = -s + 36292. What is the tens digit of 6/(-10) - -1 - s/(-85)?
1
Let f(u) = -u**2 + u - 1. Let i(m) = 7*m**2 - 16*m - 8. Let p(h) = 6*f(h) + i(h). Let n be p(11). What is the units digit of n + 5 + (-187 - -4)/(-1)?
5
Suppose -5*g - 13008 + 103586 = 3*k, 3*g = 5*k + 54374. What is the units digit of g?
8
Let b = -3189 + 8633. What is the thousands digit of b?
5
Let f = -42 - -49. Suppose -f*u - 2 = 19. What is the units digit of u/(-2)*(928/3)/8?
8
Let m(h) = 18*h - 284. Let n be m(14). Let r = n - -334. What is the tens digit of r?
0
Let s(i) = -3*i**2 + 3*i + 7*i + 3 + 5*i**2 - i**3 - 2*i. Let k = 10 + -14. What is the tens digit of s(k)?
6
Suppose 3*m - 6*m + 6 = 0. Suppose m*t = 8*h - 4*h + 40, -t = h - 5. What is the units digit of t?
0
Let h be ((-12)/(-10))/((-39)/(-130)). Let o be (9/2)/(3/h). Suppose -x = -0 - o. What is the units digit of x?
6
Suppose -7870 = 18*i - 1714. Let c = 218 - i. What is the hundreds digit of c?
5
Let s = -461 + 281. What is the hundreds digit of 2 + 16/(-4) - s?
1
Let f(s) = 16*s - 9. Let h(b) = b**3 + 4*b**2 - 8*b - 11. Let k be h(-5). What is the units digit of f(k)?
5
Let s = 14 - 16. Let w(b) = -38*b**3 + 2*b**2 - 2*b + 5. What is the tens digit of w(s)?
2
Let m be (-1 + (-1)/(-3))*(-138564)/36. Let s = m - 1253. What is the hundreds digit of s?
3
Let c(s) = -1. Let n(h) = -113*h - 5. Let a(x) = x**3 - 11*x**2 - 13*x + 15. Let y be a(12). Let k(f) = y*c(f) - n(f). What is the tens digit of k(1)?
1
Let p be (-7)/(-7 + 36/6). What is the hundreds digit of 325 - (-5 + (p - 3))/1?
3
Suppose -4*z - 11 = -4*c + 17, 30 = -5*z + 4*c. Let p be (-45)/(-5)*(-2)/z. Suppose -p*n + 12*n - 468 = 0. What is the hundreds digit of n?
1
Suppose -3*m + 1 = -5. Suppose q + 73 = m*v - 5*v, -2*q - 3*v = 140. Let g = q - -111. What is the tens digit of g?
4
Let k = 11332 + -1065. What is the thousands digit of k?
0
Let r be -4 + (-1)/(3/1)*15. Let m be 2/6 + (-24)/r + -3. Suppose -6*j + 528 + 630 = m. What is the units digit of j?
3
Let f(q) = q**3 + 9*q**2 + 13*q. Let i be f(-7). Suppose v = i + 73. What is the units digit of v?
0
Let x(p) = -p**2 - 41*p + 9. Let c be x(-10). Suppose -38*m + 99 = -c. What is the tens digit of m?
1
Let t be (-294 - -2)/((-4)/(-6)) - 3. Let a be (1 + t/(-12))*4. Suppose 20 + a = 3*f. What is the tens digit of f?
5
Let k = -25 - -29. Suppose k*c - 150 = -2*c. Let q = 37 - c. What is the units digit of q?
2
Let s(r) = -214*r + 583. What is the hundreds digit of s(-25)?
9
Suppose -4*t + 145058 = 25*t. What is the thousands digit of t?
5
Let b = 5037 + -3593. Suppose -2*i + 2*u = -0*u - b, -3*i + 2172 = -u. What is the units digit of i?
5
Let c be (-75)/11 + (-28)/154. Let k be 2336/c - (-76)/(-266). Let b = -57 - k. What is the hundreds digit of b?
2
Suppose 7 = 3*l - 8, -5*g = -3*l - 10235. Suppose 4*j + 6*j = g. What is the units digit of j?
5
Let b(o) be the third derivative of -7*o**4/24 + 47*o**3/3 + 22*o**2. What is the tens digit of b(7)?
4
Suppose 0 = -3*r + 13 + 2. Suppose 0 = -3*f - 2*h + 948, -1159 - 82 = -4*f + r*h. What is the hundreds digit of f?
3
Suppose -32*x = -74217 - 94775. What is the units digit of x?
1
What is the hundreds digit of 5826 - (-589)/31 - 2*-2?
8
Let w(r) = -r*